
5
What is 6 + 1 + -6 - 6?
-5
((5 - 8) + 7 - 3) + -5
-4
Evaluate 0 + (-5 - (-4 - 2)).
1
What is -8 + 5 + (5 - 4 - -1)?
-1
Calculate (1 - -2) + -21 + 19.
1
Evaluate -8 + (15 - 0) - (0 + 3).
4
What is 2 + -1 + -1 + -3?
-3
What is (-8 - -2) + (-1 - -4)?
-3
Calculate -6 + (7 - -1) + -4 + 4.
2
What is -1 - (-15 + 10 - 5)?
9
What is the value of 0 - (1 + (5 - 3)) - -7?
4
What is the value of 3 - 1 - (196 - 188)?
-6
(1 - -1) + -28 + 25
-1
Calculate -1 + 6 + (1 - 3).
3
Evaluate -3 - (-4 + (-3 - 1)).
5
What is the value of 38 - 56 - (-8 + -2)?
-8
What is 14 - (-5 + 14) - -3?
8
Evaluate (3 - (-7 + 9)) + 1 - -5.
7
3 + (-1 - (6 - 4))
0
Evaluate (-6 - (-10 + 1)) + -9 + 5.
-1
Evaluate 2 + (-5 - (-4 - -3)) + 7.
5
What is (0 - 2) + (2 - (2 + 3))?
-5
What is -26 + 37 - (12 + -2)?
1
What is the value of (2 - 0) + 8 + -6 + 1?
5
Calculate 10 - 4 - (2 + -1).
5
Calculate (-12 + 2 - -3) + 2 + 8.
3
What is 2 + 1 - (9 - 5 - 5)?
4
-5 - (-3 - -2 - (-7 - -15))
4
(-26 - -19) + 2 + 1 + 0
-4
Evaluate -9 - -2 - (-2 - 3).
-2
What is 2 + -3 + 2 + -6 + 2?
-3
Evaluate 4 - (7 - 2) - -2.
1
4 + -11 + -1 + 4
-4
Evaluate 2 + 4 + (-3 - 7).
-4
What is the value of (-3 + (5 - 4) - 0) + 8?
6
Calculate -8 + (-1 - -3) - -10.
4
Evaluate 1 + (-1 - -3 - 1 - 5).
-3
Evaluate -1 + -4 + 1 - -1.
-3
What is the value of 0 - -4 - 2 - (-3 + 2)?
3
What is the value of -1 + 0 - -5 - (-78 - -76)?
6
What is 19 + -19 + 0 + 1?
1
What is (1 - 4) + 1 + -7 + 0?
-9
Calculate -6 - ((9 - 16) + 0).
1
What is the value of -5 - (-8 + (3 - (4 + -2)))?
2
Evaluate 15 + -12 + (0 - -2).
5
Evaluate (-6 - 1) + (-315 - -320).
-2
What is 12 + (6 - 9 - 3)?
6
Calculate -1 + -4 + 4 + 4.
3
Evaluate (5 - (-5 - -17)) + 15.
8
(-1 - 3 - -1) + 0 - -3
0
Calculate (-29 - -43) + (-12 - -2) + 4.
8
What is the value of (1 - -1 - -1) + (91 - 90)?
4
Calculate -1 + -2 + -3 + (8 - 0).
2
-2 + (-2 - -3) + 0 - -1
0
Calculate (-8 + 4 - -2) + -4 + 15.
9
What is the value of -3 + (5 - 4 - 2)?
-4
What is the value of -6 - 13 - -13 - (1 - -2)?
-9
-1 + 4 + -6 + (-4 - -7)
0
What is 1 + 5 + 0 + -2 - 2?
2
Evaluate -5 + (6 - -5 - -2) + -8.
0
Evaluate 0 - (-5 - (-3 + 0 + -5)).
-3
What is the value of (4 - (6 - -5)) + (3 - -1)?
-3
What is the value of 2 + (3 - 3) + 1?
3
What is 0 + (13 - 6) - (-1 - -15)?
-7
What is -14 + -15 + 16 - -3?
-10
What is the value of -1 + -1 + (1 - 1)?
-2
What is the value of -3 + (-20 + 24 - (-1 - -5))?
-3
3 - 1 - (-6 - -1 - -5)
2
What is 12 + (-29 - -8) + 6?
-3
Calculate -3 + (-6 - (4 + -6)) + 3.
-4
What is 0 + 2 - (-8 + 7)?
3
Calculate -4 + 8 + -10 - (0 - 2).
-4
Evaluate -2 + (1 - -5) + (-1 - 4).
-1
2 + 1 + (-7 - -8)
4
0 - (-10 + -5 + 11)
4
What is the value of -6 - (-1 + (-18 - 1) - -6)?
8
What is -1 + -5 + 4 + -5?
-7
Evaluate 8 + -7 - (-3 + (3 - 1)).
2
What is 0 - ((-18 - -21) + (2 - 1))?
-4
What is the value of (-7 - -2 - (2 + -8)) + -1?
0
What is -101 + 102 + 0 + 2?
3
Calculate 1 + 2 - (0 - 0 - -2).
1
What is the value of 2 + 0 - (-13 + (28 - 13))?
0
Evaluate -3 + (-4 + 8 - 3) - 4.
-6
What is (-6 + -1 - -3) + 9?
5
Calculate 10 + -12 + (6 - 0).
4
What is (-4 - (3 + -8 - -6)) + 10?
5
(6 - (-1 - -7)) + 8
8
Evaluate (6 - 0 - 1) + -117 + 116.
4
What is the value of 2 - (0 - (-16 + 5))?
-9
What is the value of 7 + -1 + (-4 - 0)?
2
Calculate -6 + (-6 - (7 + -13)).
-6
What is the value of -8 + -2 + (4 - 0)?
-6
4 + -11 + 7 + -6 + 1
-5
Calculate 5 - 3 - ((8 - 8) + -1).
3
(-5 - (-3 + -4)) + 3 + 3
8
What is the value of -6 + (5 - 4) + 0?
-5
Calculate 2 + -1 - -5 - (352 - 348).
2
Calculate (9 - 4 - -6) + -12.
-1
What is -3 + 5 + -6 + -1?
-5
(-1 + -2 - 4) + 6
-1
Evaluate (2 - 5) + 3 - 2.
-2
Evaluate -15 + 21 - (-5 + 5 + -3).
9
What is -5 + -1 - (-5 - 1)?
0
What is 2 - -3 - 6 - -3?
2
Evaluate -5 - -1 - (-8 + 7) - -1.
-2
What is (-2 - -4) + (-7 - 1) - -1?
-5
What is 2 + (3 - (7 - 1))?
-1
What is 9 + -12 - (2 + -1)?
-4
What is 4 + (1 - (2 + -4) - 2)?
5
What is (-6 - (-15 - 3)) + -7?
5
What is (1 - (4 + -1) - -2) + 4?
4
What is (0 - 2) + (14 - 15)?
-3
What is the value of (3 - 14) + -3 + 11?
-3
What is (0 - -3) + (-4 - 1) + 3?
1
What is the value of 0 + 10 + -7 + (-1 - -3)?
5
Evaluate -15 - (-8 + -10 + 9).
-6
Calculate -9 - (1 + -1) - -9.
0
What is the value of 6 - (1 + (2 - -8))?
-5
Evaluate (-4 - (-6 + 1)) + 4.
5
Calculate 0 - 3 - (-6 + (1 - 0)).
2
Calculate -1 + -11 + (-47 - -54).
-5
Evaluate -3 - (13 - 1 - 11).
-4
Evaluate -4 - (3 + (3 - 1) - 14).
5
What is the value of (-9 - -5 - -4) + (2 - 0)?
2
-3 + 5 + -1 + (-28 - -27)
0
(1 - (-3 + 3)) + (0 - 4)
-3
Evaluate -4 - (2 - (-3 - -5)) - -4.
0
-10 + (8 - -9) + -7
0
What is 2 + 0 + (3 - 3 - 2)?
0
What is 22 - 9 - 9 - (11 - 8)?
1
-3 - (3 + -11 + 3)
2
What is 8 + -13 + (2 - -3)?
0
Evaluate (2 - -1 - 7 - 0) + 1.
-3
-7 + 11 + (-4 - -1)
1
Calculate -1 + 2 + -3 + -5 + 2.
-5
Calculate 0 + -3 + -2 - (9 - 12).
-2
4 + (-7 - -1 - 2)
-4
What is the value of 0 + -1 + 0 + 15 + -21?
-7
What is the value of 7 + 0 - (42 - 37)?
2
Evaluate -8 + 10 - (0 + 5) - -1.
-2
What is 0 + (-3 - -10) - (7 + -1)?
1
Evaluate (18 - 28) + (-6 - -7).
-9
Evaluate -4 + 6 + -1 + 4.
5
8 - (-2 - -5 - -1)
4
Evaluate 7 + -16 + 6 + 11 + -2.
6
What is the value of 0 + (0 - -8) + -4?
4
Evaluate -5 + 9 + -5 + 2 + 0.
1
Evaluate (-4 + -1 - -13) + -15.
-7
What is the value of 9 - 10 - ((4 - 2) + -8)?
5
Calculate -3 - (-8 + 6 + 4).
-5
18 + -8 - (6 + -1)
5
Calculate (-5 + 6 - 4) + (1 - 1).
-3
Evaluate -4 + (8 - 2) + 1 + -1.
2
Evaluate 2 - (3 + 8 + -18 + 3).
6
What is the value of -6 + 7 - 6 - (7 - 4)?
-8
What is (-4 - (4 + -5)) + -3?
-6
-1 + (0 - (-1 + -2))
2
Evaluate -4 - (-4 + -4 - -1).
3
What is 2 + -6 + 13 + -13?
-4
1 - 2 - (-4 - 1) - 4
0
Calculate 4 - (0 + (-1 - 1 - -4)).
2
4 + (6 - 1 - 10) - -5
4
(-2 - -1) + 6 - 0
5
Calculate -2 + 1 - (-4 - (0 + 0)).
3
What is the value of 0 - 4 - (17 - 22)?
1
What is -9 + 4 + (-1 - -6)?
0
What is (-1 - (-6 - 1) - 2) + -2?
2
10 + -4 - 2 - 7
-3
Calculate -4 - (-6 + 0 - (-14 + 12)).
0
1 - -6 - (25 - 22)
4
Calculate -9 - (4 - 11) - 3.
-5
What is 7 - (-3 - (-2 - (9 - 6)))?
5
(-5 + 10 - 3) + 6
8
Calculate -4 - 0 - (39 + -52).
9
Calculate (4 - 9) + -2 + 3.
-4
What is 3 - (1 + (-1 - -1) + -1)?
3
What is (6 - 7) + 1 + 5?
5
What is the value of 4 - ((6 - (16 + -7)) + 3)?
4
What is (-9 + 4 - -4) + -3?
-4
Evaluate (10 - -5) + -4 + -2.
9
Calculate -29 + 25 + (7 - 1).
2
Evaluate 1 - (-12 - -4 - -2 - -9).
-2
(8 - 12) + (8 - 2 - 10)
-8
Calculate 2 + -2 + 0 + -2.
-2
12 + -5 + -10 + 6
3
What is the value of (1 - -7) + (-4 - (4 + -3))?
3
-2 + (11 - (-8 - -15))
2
-6 + (-2 - -7) + -1 + 4
2
1 + 1 + -2 + -47 + 45
-2
Evaluate -4 - ((-3 - (3 - -1)) + -5).
8
Calculate 5 + (1 - (8 + -3)).
1
15 + -14 + -5 + (0 - 0)
-4
(5 - -4) + -6 + -6
-3
What is (0 - 3) + -6 + 5?
-4
What is the value of 9 + -5 + 1 + 3?
8
What is 2 + 9 + -14 + -3?
-6
Calculate (-1 - 6) + 4 + 0.
-3
What is the value of 0 - -2 - (5 + -11)?
8
Calculate 5 + (3 - 14) + -1 + 0.
-7
What is the value of 0 + -10 + -7 + 14?
-3
Evaluate (-1 - 0) + 11 + -10.
0
4 + (-6 + -10 - -7)
-5
2 + (0 + -3 + 2 - -6)
7
What is -1 - (1 + 1 + -1) - -3?
1
Calculate 2 - (-2 + 21) - (52 - 59).
-10
What is -2 + (-1 - -3) + 2?
2
What is 4 + -5 + -3 - -8?
4
Calculate (0 - (-13 + 19)) + 7.
1
What is (0 - ((10 - 1) + -4)) + 8?
3
What is -3 + (1 + -3 + -2 - -7)?
0
What is 14 + (-1 - 4) - 13?
-4
Calculate -13 + 9 - (0 + 0).
-4
Calculate 0 - (6 + -2 + -7).
3
Calculate (1 - 5) + 1 + 3 - -9.
9
Calculate (22 - (0 - -7)) + (-13 - -7).
9
What is the value of 2 + 0 + -2 + 4 - 0?
4
What is the value of (-31 - -18) + 4 + 3?
-6
-5 - (-15 + -14 + 15)
9
Evaluate (-3 - -11) + -2 + -1.
5
What is 12 + -24 - -9 - (6 - 0)?
-9
What is the value of -4 + -8 + -7 + 14?
-5
Evaluate -1 - 0 - (41 - 49).
7
Calculate -2 - ((0 - -3) + -1 + -2).
-2
Calculate (0 - -10) + -28 + 22.
4
What is 0 + -5 - (-3 - -1)?
-3
Calculate -7 + 4 + (-3 + 6 - -10).
10
Calculate 3 + (2 - (-1 + 1)).
5
Calculate -3 + (1 - (-6 + 3)) - -3.
4
Calculate 14 - ((-3 - -2) + 10).
5
Calculate 0 - (4 - (-1 - (1 + -4))).
-2
What is the value of -9 - (5 - 3) - -6?
-5
What is the value of (-3 - -1) + -2 + 1 - 2?
-5
What is 1 - (7 + -19 + 11)?
2
What is -7 + 11 + (-4 - -6)?
6
Evaluate 1 + 4 + -3 + (14 - 10).
6
What is the value of -3 - (6 - 6) - 1?
-4
Calculate -3 + 8 + (0 - 3 - 0).
2
What is 1 + (1 - (1 - (4 - 1)))?
4
What is the value of 13 + -6 + (-5 - 